[INFO] fetching crate array-tools 0.3.2...
[INFO] checking array-tools-0.3.2 against master#e6e4f7ed1589e03bc2f6c5931c1a72e7947e8682 for beta-170-4
[INFO] extracting crate array-tools 0.3.2 into /workspace/builds/worker-3-tc2/source
[INFO] validating manifest of crates.io crate array-tools 0.3.2 on toolchain e6e4f7ed1589e03bc2f6c5931c1a72e7947e8682
[INFO] running `Command { std: CARGO_HOME="/workspace/cargo-home" RUSTUP_HOME="/workspace/rustup-home" "/workspace/cargo-home/bin/cargo" "+e6e4f7ed1589e03bc2f6c5931c1a72e7947e8682" "metadata" "--manifest-path" "Cargo.toml" "--no-deps", kill_on_drop: false }`
[INFO] started tweaking crates.io crate array-tools 0.3.2
[INFO] finished tweaking crates.io crate array-tools 0.3.2
[INFO] tweaked toml for crates.io crate array-tools 0.3.2 written to /workspace/builds/worker-3-tc2/source/Cargo.toml
[INFO] running `Command { std: CARGO_HOME="/workspace/cargo-home" RUSTUP_HOME="/workspace/rustup-home" __CARGO_TEST_CHANNEL_OVERRIDE_DO_NOT_USE_THIS="nightly" "/workspace/cargo-home/bin/cargo" "+e6e4f7ed1589e03bc2f6c5931c1a72e7947e8682" "generate-lockfile" "--manifest-path" "Cargo.toml" "-Zno-index-update", kill_on_drop: false }`
[INFO] running `Command { std: CARGO_HOME="/workspace/cargo-home" RUSTUP_HOME="/workspace/rustup-home" "/workspace/cargo-home/bin/cargo" "+e6e4f7ed1589e03bc2f6c5931c1a72e7947e8682" "fetch" "--manifest-path" "Cargo.toml", kill_on_drop: false }`
[INFO] running `Command { std: "docker" "create" "-v" "/var/lib/crater-agent-workspace/builds/worker-3-tc2/target:/opt/rustwide/target:rw,Z" "-v" "/var/lib/crater-agent-workspace/builds/worker-3-tc2/source:/opt/rustwide/workdir:ro,Z" "-v" "/var/lib/crater-agent-workspace/cargo-home:/opt/rustwide/cargo-home:ro,Z" "-v" "/var/lib/crater-agent-workspace/rustup-home:/opt/rustwide/rustup-home:ro,Z" "-e" "SOURCE_DIR=/opt/rustwide/workdir" "-e" "CARGO_TARGET_DIR=/opt/rustwide/target" "-e" "CARGO_HOME=/opt/rustwide/cargo-home" "-e" "RUSTUP_HOME=/opt/rustwide/rustup-home" "-w" "/opt/rustwide/workdir" "-m" "1610612736" "--user" "0:0" "--network" "none" "ghcr.io/rust-lang/crates-build-env/linux@sha256:19e73879b68f455e41552ea35293514db52ea292d993f571636dbffedb77a1ee" "/opt/rustwide/cargo-home/bin/cargo" "+e6e4f7ed1589e03bc2f6c5931c1a72e7947e8682" "metadata" "--no-deps" "--format-version=1", kill_on_drop: false }`
[INFO] [stdout] 2d79f2549d244c45b9eba5bd88523c45c81d62eb2e4c52725f5923aedb2086d9
[INFO] running `Command { std: "docker" "start" "-a" "2d79f2549d244c45b9eba5bd88523c45c81d62eb2e4c52725f5923aedb2086d9", kill_on_drop: false }`
[INFO] running `Command { std: "docker" "inspect" "2d79f2549d244c45b9eba5bd88523c45c81d62eb2e4c52725f5923aedb2086d9", kill_on_drop: false }`
[INFO] running `Command { std: "docker" "rm" "-f" "2d79f2549d244c45b9eba5bd88523c45c81d62eb2e4c52725f5923aedb2086d9", kill_on_drop: false }`
[INFO] [stdout] 2d79f2549d244c45b9eba5bd88523c45c81d62eb2e4c52725f5923aedb2086d9
[INFO] running `Command { std: "docker" "create" "-v" "/var/lib/crater-agent-workspace/builds/worker-3-tc2/target:/opt/rustwide/target:rw,Z" "-v" "/var/lib/crater-agent-workspace/builds/worker-3-tc2/source:/opt/rustwide/workdir:ro,Z" "-v" "/var/lib/crater-agent-workspace/cargo-home:/opt/rustwide/cargo-home:ro,Z" "-v" "/var/lib/crater-agent-workspace/rustup-home:/opt/rustwide/rustup-home:ro,Z" "-e" "SOURCE_DIR=/opt/rustwide/workdir" "-e" "CARGO_TARGET_DIR=/opt/rustwide/target" "-e" "CARGO_INCREMENTAL=0" "-e" "RUST_BACKTRACE=full" "-e" "RUSTFLAGS=--cap-lints=forbid" "-e" "RUSTDOCFLAGS=--cap-lints=forbid" "-e" "CARGO_HOME=/opt/rustwide/cargo-home" "-e" "RUSTUP_HOME=/opt/rustwide/rustup-home" "-w" "/opt/rustwide/workdir" "-m" "1610612736" "--user" "0:0" "--network" "none" "ghcr.io/rust-lang/crates-build-env/linux@sha256:19e73879b68f455e41552ea35293514db52ea292d993f571636dbffedb77a1ee" "/opt/rustwide/cargo-home/bin/cargo" "+e6e4f7ed1589e03bc2f6c5931c1a72e7947e8682" "check" "--frozen" "--all" "--all-targets" "--message-format=json", kill_on_drop: false }`
[INFO] [stdout] 54bba1822bb3e6f8d356c0825bea8953e2504cabc1af975e9bccc62dfa65f92c
[INFO] running `Command { std: "docker" "start" "-a" "54bba1822bb3e6f8d356c0825bea8953e2504cabc1af975e9bccc62dfa65f92c", kill_on_drop: false }`
[INFO] [stderr]     Checking array-tools v0.3.2 (/opt/rustwide/workdir)
[INFO] [stdout] error[E0432]: unresolved import `core::array::FixedSizeArray`
[INFO] [stdout]   --> src/lib.rs:39:5
[INFO] [stdout]    |
[INFO] [stdout] 39 | use core::array::FixedSizeArray;
[INFO] [stdout]    |     ^^^^^^^^^^^^^^^^^^^^^^^^^^^ no `FixedSizeArray` in `array`
[INFO] [stdout] 
[INFO] [stdout] 
[INFO] [stdout] error[E0432]: unresolved import `core::array::FixedSizeArray`
[INFO] [stdout]   --> src/lib.rs:39:5
[INFO] [stdout]    |
[INFO] [stdout] 39 | use core::array::FixedSizeArray;
[INFO] [stdout]    |     ^^^^^^^^^^^^^^^^^^^^^^^^^^^ no `FixedSizeArray` in `array`
[INFO] [stdout] 
[INFO] [stdout] 
[INFO] [stdout] error[E0635]: unknown feature `fixed_size_array`
[INFO] [stdout]   --> src/lib.rs:38:12
[INFO] [stdout]    |
[INFO] [stdout] 38 | #![feature(fixed_size_array)]
[INFO] [stdout]    |            ^^^^^^^^^^^^^^^^
[INFO] [stdout] 
[INFO] [stdout] 
[INFO] [stdout] error: aborting due to 2 previous errors
[INFO] [stdout] 
[INFO] [stdout] 
[INFO] [stdout] Some errors have detailed explanations: E0432, E0635.
[INFO] [stdout] 
[INFO] [stdout] For more information about an error, try `rustc --explain E0432`.
[INFO] [stdout] 
[INFO] [stderr] error: could not compile `array-tools` (lib) due to 3 previous errors
[INFO] [stderr] warning: build failed, waiting for other jobs to finish...
[INFO] [stdout] error[E0635]: unknown feature `fixed_size_array`
[INFO] [stdout]   --> src/lib.rs:38:12
[INFO] [stdout]    |
[INFO] [stdout] 38 | #![feature(fixed_size_array)]
[INFO] [stdout]    |            ^^^^^^^^^^^^^^^^
[INFO] [stdout] 
[INFO] [stdout] 
[INFO] [stdout] error: aborting due to 2 previous errors
[INFO] [stdout] 
[INFO] [stdout] 
[INFO] [stdout] Some errors have detailed explanations: E0432, E0635.
[INFO] [stdout] 
[INFO] [stdout] For more information about an error, try `rustc --explain E0432`.
[INFO] [stdout] 
[INFO] [stderr] error: could not compile `array-tools` (lib test) due to 3 previous errors
[INFO] running `Command { std: "docker" "inspect" "54bba1822bb3e6f8d356c0825bea8953e2504cabc1af975e9bccc62dfa65f92c", kill_on_drop: false }`
[INFO] running `Command { std: "docker" "rm" "-f" "54bba1822bb3e6f8d356c0825bea8953e2504cabc1af975e9bccc62dfa65f92c", kill_on_drop: false }`
[INFO] [stdout] 54bba1822bb3e6f8d356c0825bea8953e2504cabc1af975e9bccc62dfa65f92c
